culate o(4).
-6
Let f(y) = -y**2 + 9*y - 1. Determine f(10).
-11
Let g(u) = -2*u + 46. Calculate g(20).
6
Let d(i) = -17*i + 5. What is d(-5)?
90
Let l(o) = o**2 + 10*o - 22. Give l(-12).
2
Let h(y) = 18*y - 4. What is h(2)?
32
Let n(i) = i**3 - 4*i**2 + 2. Determine n(2).
-6
Let z(m) = -8*m + 12. Calculate z(11).
-76
Let x(s) = -s**2 - 10*s + 18. Calculate x(4).
-38
Let h(q) = -2*q + 9. Determine h(8).
-7
Let i(l) = l**3 - 2*l + 2. Determine i(2).
6
Let c(u) = 2*u - 79. Calculate c(-7).
-93
Let t(w) = -w + 4. Calculate t(-15).
19
Let j(r) = 2*r**3 + 18*r**2 - 8*r + 111. Give j(-10).
-9
Let o(n) = -2*n - 54. Give o(-28).
2
Let c(x) = 5*x**2 - x - 2. What is c(2)?
16
Let c(k) = k**3 + 6*k**2 - k - 5. Calculate c(-6).
1
Let z(g) = g**3 + 3*g**2 - 7*g + 1. Determine z(-4).
13
Let z(r) = -2*r**2 - 8*r - 1. Give z(-4).
-1
Let d(x) = -28*x - 420. Give d(-15).
0
Let y(h) = -h**2 + 24*h + 9. Determine y(24).
9
Let n(w) = -4*w**2 + 2*w + 3. What is n(-1)?
-3
Let t(y) = y + 2. Give t(5).
7
Let r(s) = -7*s - 51. Give r(-6).
-9
Let w(p) = -17*p + 139. Give w(9).
-14
Let s(t) = -4*t**2 - 23*t + 7. What is s(-6)?
1
Let r(l) = -l + 16. Calculate r(0).
16
Let h(n) = 9*n - 10. Calculate h(9).
71
Let g(j) = 8*j**2 + j - 7. Determine g(-2).
23
Let w(v) = v**3 + 5*v**2 - 5*v + 2. Give w(3).
59
Let v(x) = -x**2 + 29*x + 250. What is v(36)?
-2
Let i(k) = -2*k + 13. Give i(0).
13
Let s(a) = a**2 + 15*a - 148. Determine s(-22).
6
Let p(x) = -x**3 - 9*x**2 - 8*x + 10. Give p(-7).
-32
Let k(n) = -n**2 + 8*n - 7. Give k(8).
-7
Let v(g) = -g**3 + 4*g**2 - 2*g. Calculate v(4).
-8
Let n(o) = o**2 - 15*o + 32. Give n(10).
-18
Let d(w) = w**3 - 15*w**2 - 33*w - 20. Give d(17).
-3
Let m(l) = -l**3 - 8*l**2 - l - 1. What is m(-8)?
7
Let b(i) = 14*i**2 + i - 1. Give b(1).
14
Let n(k) = -2*k**3 + 5*k**2 - k - 3. What is n(3)?
-15
Let h(p) = 3*p**3 - 36*p**2 + p - 4. Calculate h(12).
8
Let z(u) = 4*u**2 + 8*u + 11. What is z(-3)?
23
Let j(o) = 3*o**3 + 5*o**2 + 4*o + 7. What is j(-2)?
-5
Let r(o) = -o**2 + 2*o + 2. Calculate r(4).
-6
Let l(x) = 14*x + 3. Give l(1).
17
Let q(a) = -3*a**2 + 21*a + 3. Determine q(7).
3
Let o(m) = -m**3 + 4*m**2 - 3. Determine o(4).
-3
Let p(j) = j**3 - 3*j**2 - 2*j - 1. What is p(5)?
39
Let l(i) = -2*i**2 - 17*i + 23. What is l(-10)?
-7
Let t(h) = 6*h - 276. Calculate t(48).
12
Let b(h) = -h**3 - h**2 - 55. What is b(0)?
-55
Let i(w) = w**3 - 5*w**2 + 5*w + 5. Calculate i(5).
30
Let b(x) = -2*x**3 - x**2 - 3*x. Determine b(3).
-72
Let i(b) = 2*b + 10. Calculate i(-4).
2
Let j(k) = -2*k**2 + k + 1. Calculate j(4).
-27
Let u(c) = c**3 + 7*c**2 + 3*c + 15. Determine u(-7).
-6
Let c(t) = -10*t**2 - 220*t + 1. Calculate c(-22).
1
Let x(p) = 15*p + 7. Determine x(-3).
-38
Let h(g) = -41*g + 415. Calculate h(10).
5
Let m(q) = q**3 - 9*q**2 - 18*q + 3. Calculate m(11).
47
Let u(n) = n**3 + 8*n**2 + 8*n + 5. What is u(-7)?
-2
Let b(x) = x**3 - 7*x**2 + 4*x + 7. Give b(6).
-5
Let m(w) = -w**3 + 21*w**2 - 27. Calculate m(21).
-27
Let u(r) = r**3 - 10*r**2 - 12*r - 12. What is u(11)?
-23
Let j(k) = -k + 5. Give j(-6).
11
Let l(w) = -w**3 - 8*w**2 - 7*w. What is l(-5)?
-40
Let o(n) = -3*n**3 - n**2 - 6*n + 6. Calculate o(2).
-34
Let p(s) = -6*s - 113. Determine p(-19).
1
Let f(l) = -l**3 + 11*l**2 - l - 7. Determine f(11).
-18
Let o(d) = -60*d + 244. What is o(4)?
4
Let o(c) = -c**3 - 9*c**2 + 12*c + 14. Give o(-10).
-6
Let q(i) = i**3 - 2*i**2 + 3*i + 2. Give q(2).
8
Let f(i) = 13*i - 3. Give f(-1).
-16
Let m(p) = -4*p**2 + 8*p - 7. Give m(3).
-19
Let z(x) = -2*x + 72. Give z(39).
-6
Let h(t) = -t**3 - 8*t**2 - 12*t - 9. Calculate h(-7).
26
Let g(c) = -2*c**3 - 4*c**2 - c. What is g(-3)?
21
Let q(s) = -2*s**2 + 3*s + 32. What is q(-3)?
5
Let s(r) = r**2 - 10*r + 2. Determine s(10).
2
Let d(k) = -43*k - 401. What is d(-9)?
-14
Let d(g) = g**2 + 14*g + 16. Determine d(-13).
3
Let x(m) = m**3 - 7*m**2 + 4*m - 17. Determine x(7).
11
Let w(i) = 13*i - 30. Calculate w(7).
61
Let r(i) = i**2 - 7*i - 8. Determine r(7).
-8
Let o(a) = 5*a**3 - 4*a**2 - 2*a. What is o(-1)?
-7
Let c(w) = -4*w**3 + 2*w - 1. Give c(1).
-3
Let m(q) = 2*q - 53. Calculate m(16).
-21
Let h(c) = -4*c - 74. Determine h(-21).
10
Let u(n) = -n - 12. Give u(-14).
2
Let p(m) = 4*m + 7. Determine p(5).
27
Let l(y) = 11*y**3 + y - 1. What is l(1)?
11
Let x(w) = w**3 - 17*w**2 + 15*w + 3. Give x(16).
-13
Let c(b) = -3*b**2 + 3*b + 54. Calculate c(-6).
-72
Let n(v) = -4*v + 6. Give n(11).
-38
Let j(z) = 2*z**2 - 3*z. Give j(7).
77
Let r(y) = -2*y**2 - 3*y + 11. Determine r(-5).
-24
Let f(g) = -5*g**2 + 2*g. Calculate f(-1).
-7
Let x(g) = -g**3 + 7*g**2 - 12*g + 1. Calculate x(3).
1
Let x(j) = -7*j**3 + j**2 + 2*j - 3. What is x(1)?
-7
Let x(s) = s**2 - 2*s - 11. Calculate x(3).
-8
Let m(y) = y**2 - 2*y - 4. Calculate m(9).
59
Let h(k) = -k**3 - k**2 + 12*k - 12. Calculate h(-6).
96
Let h(z) = z**3 + 32*z**2 - 67*z + 21. Determine h(-34).
-13
Let o(s) = -s**2 - 13*s + 11. Calculate o(-13).
11
Let y(u) = u**3 - 5*u**2 + 5*u - 7. Calculate y(5).
18
Let p(v) = v**3 - 3*v**2 + 2*v + 3. Give p(3).
9
Let t(m) = 2*m**3 + 29*m**2 + 26*m + 172. Determine t(-14).
4
Let a(i) = -i + 7. Determine a(0).
7
Let l(r) = 7*r - 47. Calculate l(6).
-5
Let d(v) = -v**3 + 11*v**2 - 7*v - 5. Calculate d(10).
25
Let i(r) = 2*r**2 - 7*r - 7. Calculate i(-4).
53
Let d(s) = -s**3 + 8*s**2 - 7*s + 2. What is d(7)?
2
Let v(r) = r**3 + 9*r**2 + 2*r + 5. Calculate v(-9).
-13
Let g(w) = -w**3 + 4*w**2 + 11*w + 3. Calculate g(6).
-3
Let m(q) = q**3 + 11*q**2 - 8*q + 9. What is m(-12)?
-39
Let q(a) = -a**3 - 11*a**2 - 20*a - 20. What is q(-9)?
-2
Let o(z) = -z**3 - 4*z**2 - 3*z. Calculate o(-2).
-2
Let w(y) = -147*y - 1183. Determine w(-8).
-7
Let d(f) = f**2 + 8*f - 14. Calculate d(-8).
-14
Let b(m) = m**3 - 2*m**2 + 35. Give b(0).
35
Let a(o) = -9*o - 88. What is a(-10)?
2
Let w(a) = 36*a - 4. Calculate w(2).
68
Let n(c) = -c**3 + 9*c**2 - 9*c - 18. Give n(8).
-26
Let q(v) = -10*v**3 + 2*v**2 - 1. What is q(1)?
-9
Let x(a) = -8*a + 9. What is x(8)?
-55
Let i(j) = j**3 + 4*j**2 - 4*j - 7. Give i(-5).
-12
Let m(a) = -64*a**2 - a + 1. Calculate m(1).
-64
Let w(g) = -g + 5. Determine w(19).
-14
Let n(u) = 143*u**3 - u**2 - 4*u + 5. Determine n(1).
143
Let u(m) = -15*m + 87. Determine u(5).
12
Let j(b) = -20*b + 106. What is j(4)?
26
Let h(z) = -2*z + 13. What is h(-7)?
27
Let t(l) = -3*l + 48. What is t(17)?
-3
Let i(z) = -8*z**3 - 3*z**2 - 4*z + 1. What is i(-2)?
61
Let b(q) = -q**3 - 6*q**2 - 4*q + 7. Calculate b(-4).
-9
Let u(r) = 14*r + 2. Give u(-2).
-26
Let d(c) = -c - 23. What is d(0)?
-23
Let j(k) = 65*k + 452. What is j(-7)?
-3
Let w(h) = h**3 + 13*h**2 + h + 16. Calculate w(-13).
3
Let r(j) = -j + 2. Give r(2).
0
Let y(o) = 2*o**2 + 7*o - 13. What is y(5)?
72
Let l(b) = b**2 + 5*b + 4. Determine l(-3).
-2
Let z(w) = 12*w**3 + 5*w + 4. What is z(-1)?
-13
Let u(v) = -v**2 - 2. Determine u(-2).
-6
Let g(h) = h**3 - 7*h**2 + 6*h - 5. What is g(6)?
-5
Let v(b) = -24*b + 5. Determine v(1).
-19
Let k(y) = y**2 + 2*y - 11. What is k(-6)?
13
Let c(r) = 3*r - 45. Give c(15).
0
Let o(d) = -d**2 + 11*d + 28. Calculate o(16).
-52
Let l(w) = -3*w - 1. Give l(-3).
8
Let a(o) = -o**3 + 5*o**2 + 12*o + 7. Calculate a(7).
-7
Let j(s) = 2*s - 29. Give j(7).
-15
Let d(q) = -7*q + 5. Give d(6).
-37
Let d(a) = -a**3 - 6*a**2 - 9*a - 6. Determine d(-4).
-2
Let s(p) = -p**2 + 4*p - 11. Give s(4).
-11
Let v(k) = k**3 + 46. Calculate v(0).
46
Let k(f) = -2*f**3 - 2*f**2 + 5*f + 10. What is k(-4)?
86
Let t(m) = -m**3 - 2*m**2 + m - 1. Calculate t(-2).
-3
Let i(r) = -r**2 - 22*r - 129. Calculate i(-9).
-12
Let z(b) = b**3 - 12*b**2 + 34*b. Give z(5).
-5
Let j(q) = -q + 13. Calculate j(25).
-12
Let z(y) = -2*y**3 + 4*y**2 + 3*y - 10. What is z(2)?
-4
Let y(f) = f**3 - 7*f**2 + 6*f. Determine y(6).
0
Let s(n) = -11*n**2 - 2*n - 1. Determine s(-1).
-10
Let c(q) = -4*q - 5. What is c(-5)?
15
Let x(t) = t**3 - 3*t**2 + 1. Calculate x(4).
17
Let r(q) = 5*q + 2. What is r(2)?
12
Let k(q) = 34*q**3 + q. Give k(1).
35
Let d(p) = 3*p - 48. What is d(14)?
-6
Let g(i) = 33*i + 1. Give g(1).
34
Let p(q) = -2*q + 46. Determine p(15).
16
Let s(p) = -p**3 - 3*p**2 + 9*p + 4. Give s(-5).
9
Let p(n) = 4*n - 36. What is p(8)?
-4
Let h(z) = z**2 - 5*z - 20. Calculate h(11).
